-3)/(2 + -5) - -28. Let s = -103 + r. Let n = -52 - s. List the prime factors of n.
2, 11
Let m(j) = j**2 + 8*j - 239. List the prime factors of m(17).
2, 3, 31
Suppose -7 = -2*g + g. Suppose w = 2*d - 68, 173 = g*d - 2*d - w. List the prime factors of d.
5, 7
Suppose 3*u - 86 = 2*u. Suppose -2*z + 4*o + 94 = 0, -u = -2*z - 5*o + o. What are the prime factors of z?
3, 5
Suppose -1097 = 5*c - 4*y, -3*c - 5*y = 91 + 582. Let r = 43 - c. What are the prime factors of r?
2, 3, 11
Suppose -2*s = 3*k - 7*s - 1343, 4*k + 3*s = 1839. What are the prime factors of k?
2, 3, 19
Let f = 854 - 367. Suppose 113 - f = -11*n. What are the prime factors of n?
2, 17
Let i(k) be the second derivative of -k**5/20 - k**4/2 + k**3/2 + 3*k**2 + 3*k. Let t be i(-6). Let h = 28 + t. List the prime factors of h.
2
Let a be (18/(-4))/(9/(-6)). Suppose 2*k + u = -2*u + 20, -4*k = a*u - 40. Suppose n + r - k = -n, 3*n = r + 10. What are the prime factors of n?
2
Let c = 25 + -23. Let o(q) = 11*q**3 - 5*q**2 + 2*q - 9. Let p(b) = -16*b**3 + 7*b**2 - 3*b + 13. Let z(n) = -7*o(n) - 5*p(n). List the prime factors of z(c).
2, 3
Let g(t) = 13*t + 1. Let j be g(4). Suppose 2*z = 3*p + 56 + j, 3*z + 4*p = 138. What are the prime factors of z?
2, 5
Let q = -210 + 352. Suppose -4*i = -i - t + 112, 3*i + 5*t + q = 0. What are the prime factors of i*(8/12)/(-2)?
13
Let a(g) = -g - 20. Let s be a(-12). Let h(r) = -r**2 - 8*r + 1. Let t be h(s). Suppose 3*v - 14 = -5*q + t, v - q - 5 = 0. List the prime factors of v.
5
Suppose 7*h = 215 + 198. What are the prime factors of h?
59
Let l be -1 - (-10 - (0 + 1)). Let d = -11 + l. What are the prime factors of (1 - 4) + (-14)/d?
11
Let j be 51/(-85) - 6/(-10). Suppose -11*s + 817 + 272 = j. What are the prime factors of s?
3, 11
Let x(s) = -41*s**3 - 2*s - 1. Let l = 56 - 57. List the prime factors of x(l).
2, 3, 7
Let s = -399 + 3091. List the prime factors of s.
2, 673
Let z = 187 + -61. What are the prime factors of z?
2, 3, 7
Let t be 1 + 4 + (-46)/(-2). Let c be (-4)/(-10) + t/(-70). Suppose 2*z + c*z - 74 = 0. What are the prime factors of z?
37
Let w = -8 + 15. Suppose 45 = -w*n + 2*n - 3*m, 3*n = 4*m - 27. Let c = 13 + n. What are the prime factors of c?
2
Let r = 2 + 17. Suppose 1016 = -15*a + r*a. Suppose -4*w + a = -5*h, w = 6*w + 2*h - 301. What are the prime factors of w?
61
Let r = 1102 - 750. Suppose -4*m + 6*m - r = 0. List the prime factors of m.
2, 11
Let p(y) = -1. Let k(b) = -10*b - 22. Let q(a) = -k(a) + 5*p(a). What are the prime factors of q(4)?
3, 19
List the prime factors of 4 + -4 + 2 + 4*67.
2, 3, 5
Let c(y) = y**2 - 3*y + 2. Let n be c(0). Suppose -z + n = u - 2*u, -3*u - 6 = 5*z. Suppose -10 = -l + 2*k, -l = 4*k - z*k + 8. What are the prime factors of l?
2
Suppose l = 3*x + 248 + 183, -l + 415 = x. What are the prime factors of l?
419
Let z(o) = -9*o + 10. Let y be z(-14). Let f be y - ((3 - 4) + -3). Suppose 0 = -3*q - q - 2*m + 320, 2*q - 4*m = f. List the prime factors of q.
2, 3, 13
Suppose 2*m = 6*m + 44. Let i(r) = -r**2 - 14*r + 27. Let n be i(m). List the prime factors of n - (0 + 2) - -4.
2, 31
Let x be ((-3)/(18/363))/((-4)/(-8)). Let m = -89 - x. What are the prime factors of m?
2
Let c(n) = -n**2 - 11*n + 5. Let h be c(-10). Suppose 0*b - b + h = 5*j, -j - 3*b - 11 = 0. Suppose -l + j + 3 = 0. List the prime factors of l.
7
Let s(d) = 47*d**2 + 11*d + 10. List the prime factors of s(-7).
2, 13, 43
Let b = 127 + -59. Suppose 3*g = -4*t + 68, g = -4*t - 0 + b. List the prime factors of t.
17
List the prime factors of -7 + 3 - -2 - -377.
3, 5
Let x(c) = c**3 + 12*c**2 + 10*c - 11. Let i be x(-11). Suppose -2 = -i*y - 2*y. What are the prime factors of ((-21)/y)/(-1) - 3?
2, 3
Suppose 4*j = -45 + 149. Let h(a) = -a**3 - 15*a**2 + 25*a + 13. Let s be h(-17). Suppose -s = -4*n + j. List the prime factors of n.
2, 3
Let r = -4 + 8. Suppose -r*c = -75 - 173. Suppose c = 5*g + u, u = 3*g - 7*g + 50. What are the prime factors of g?
2, 3
Let g(l) = -17*l**2 + 8*l - 7. Let o be g(3). What are the prime factors of (4 - 3 - 3) + 2 - o?
2, 17
Suppose -5*y - 5*o = -185, -4*y + 16*o - 14*o = -130. List the prime factors of y.
2, 17
Let s(q) = -2*q**3 - 8*q**2 + 2*q + 11. Let b be s(-6). What are the prime factors of (-30)/40 - b/(-4)?
5, 7
Let w = 1750 - 802. List the prime factors of w.
2, 3, 79
Let b(y) = y**3 - 9*y**2 - 9*y - 5. Let f be b(10). Let a be 59/2 + f/10. Let h = a + 32. List the prime factors of h.
2, 31
Suppose m - 2*m + 15 = 0. Suppose b + 2*b = -m. What are the prime factors of 6/(-15) - 97/b?
19
Suppose -d - 1772 = -4*s, 0 = s - 4*d - 84 - 359. What are the prime factors of s?
443
Let d be 1/(-3)*0 - -4. Suppose y = 3*y + 10, 5*y = d*z - 153. List the prime factors of z.
2
Let i(r) = -105 + 220 - 111 - 18*r + 2*r**2. What are the prime factors of i(-6)?
2, 23
Suppose 2*p - 3*n - 1929 = 0, -p + 10*n + 960 = 7*n. List the prime factors of p.
3, 17, 19
Let c = -125 - -31. Let k = 189 + c. List the prime factors of k.
5, 19
Let y(f) = -2*f - 4. Let p be y(0). Let u be 2*-1*(-62)/p. List the prime factors of 0*2/4 - u.
31
Let d = -219 - -342. What are the prime factors of d?
3, 41
Suppose 2*v + 13 = 3*g - 3, -4*g - 3*v + 27 = 0. Let t be (-462)/(-44)*44/g. Let w = 5 + t. What are the prime factors of w?
2, 41
Let p = 14306 - 8479. List the prime factors of p.
5827
Let h be (-8)/32 - (-17)/4. Suppose -13 = -h*v + 5*v. Let u(t) = -t**3 - 13*t**2 - 2*t + 10. What are the prime factors of u(v)?
2, 3
Suppose 3*k - 81 - 204 = 0. Let g = 52 - -7. Let t = k - g. What are the prime factors of t?
2, 3
Suppose x - 2005 = a, 5*x + 2*a = 5*a + 10023. What are the prime factors of x?
2, 3, 167
Let m = 1746 - 1198. List the prime factors of m.
2, 137
Suppose 5*a = -4*i + 26 - 84, -2*a + 72 = -4*i. Let d be -28*(27/(-12))/3. Let u = d - i. List the prime factors of u.
2, 19
Let o = 100 + -59. Let l = 11 - o. Let t = -21 - l. What are the prime factors of t?
3
Suppose 0*q = -2*q - 16. Let j(d) = 6*d - 4. Let p be j(q). What are the prime factors of (p/(-6))/(4/6)?
13
Let s(h) = h + 9. Let b be s(7). Suppose 1595 = -5*g + b*g. List the prime factors of g.
5, 29
Let k be 11/(11/6) + -4. Suppose 0 = k*t + u + u - 126, -237 = -4*t - u. List the prime factors of t.
2, 29
Let u = 927 - 491. List the prime factors of u.
2, 109
Let h = 1185 + -840. Suppose -57 = 6*w - h. List the prime factors of w.
2, 3
Suppose 6*p = 12*p - 19896. What are the prime factors of p?
2, 829
Let i = 465 + -536. Let s be 23/((-2)/(-20)*2). Let a = i + s. What are the prime factors of a?
2, 11
Suppose -4*a - 3614 = -2*h, -10*h + 9*h + 4*a = -1805. What are the prime factors of h?
3, 67
Let k be -1 - (2 + 0 + 3). Let n(g) = -5*g + 4. Let p be n(-4). Let w = k + p. List the prime factors of w.
2, 3
Suppose 0 = -9*h + 5*h - 3424. Let o be 5/((-20)/h) - 3. Suppose 3*a - 221 = m, -6*m + 2*m = 3*a - o. What are the prime factors of a?
73
What are the prime factors of (29/4 - (-2 - -2))*24?
2, 3, 29
What are the prime factors of 6825/625 + -11 + (-105727)/(-25)?
4229
Let m(v) = 52 + 8*v**2 + 11*v - 42 - 9*v**2. Let f = 4 + 5. List the prime factors of m(f).
2, 7
Let m(w) = -5*w**2 - 2 + 0 + 4 + 6*w**2 - 9*w. Let y be m(11). List the prime factors of (-10)/y*-3*16.
2, 5
Let n(q) = -61*q + 1. Let f = -84 - -83. What are the prime factors of n(f)?
2, 31
Suppose -8*v + 12*v - 16 = 0. Suppose v*y = 4*k + 556, 0*k - 542 = -4*y - 3*k. List the prime factors of y.
137
Suppose 18*h + 180 = 28*h. List the prime factors of h.
2, 3
Let f(c) = -133*c + 129. What are the prime factors of f(-5)?
2, 397
Let b(z) = -8*z + 4*z + 42 - 55*z**3 - z**2 + 54*z**3. List the prime factors of b(0).
2, 3, 7
Let c(j) be the first derivative of j**5/30 + j**4/12 - 2*j**3/3 + 5*j**2/2 + 1. Let r(q) be the second derivative of c(q). What are the prime factors of r(-3)?
2
What are the prime factors of -53*(-7)/14*4?
2, 53
Suppose l + n = 850, 3 = 26*n - 29*n. What are the prime factors of l?
23, 37
Let p(l) = 30*l**2 + 2*l + 1. Let t be p(-1). Let g = 31 - t. Suppose 113 = g*y + 3*w, -w - 111 = -2*y - 2*w. What are the prime factors of y?
5, 11
Let c(s) = -s**2 + 3*s - 9. Let z be c(6). Let t = z + 31. Suppose 0 = -2*x - t*x + 144. What are the prime factors of x?
2, 3
Let f be 1 +